{"id":60,"date":"2024-04-04T10:22:18","date_gmt":"2024-04-04T10:22:18","guid":{"rendered":"https:\/\/solarpolaris.hurtigehjemmesider.dk\/?page_id=60"},"modified":"2024-04-04T10:22:18","modified_gmt":"2024-04-04T10:22:18","slug":"cases","status":"publish","type":"page","link":"https:\/\/testinstallation.andthedolphine.com\/index.php\/cases\/","title":{"rendered":"Cases"},"content":{"rendered":"<section class=\"gb-container gb-container-46287441 gbp-section\">\n<div class=\"gb-container gb-container-d23a29ab gbp-section__inner\">\n<div class=\"gb-container gb-container-2a48dc36\">\n\n<h1 class=\"gb-headline gb-headline-1512e882 gb-headline-text gbp-section__tagline\">De her projekter er vi mest stolte af<\/h1>\n\n\n\n<h1 class=\"gb-headline gb-headline-8c50ff43 gb-headline-text gbp-section__headline\">Her finder du <br>vores bedste cases<\/h1>\n\n\n\n<div class=\"gb-headline gb-headline-0c63feb9 gb-headline-text gbp-section__text db-lg-text\">Solar Polaris&nbsp;har sammen med leverand\u00f8rer og partnere bygget solcellel\u00f8sninger til en r\u00e6kke store firmaer, hospitaler og institutioner.<\/div>\n\n<\/div>\n<\/div>\n<\/section>\n\n<div class=\"gb-container gb-container-318bd490 gbp-section\">\n<div class=\"gb-container gb-container-514918ce gbp-section__inner\">\n\n<figure class=\"gb-block-image gb-block-image-fd18a380\"><img loading=\"lazy\" decoding=\"async\" width=\"2500\" height=\"885\" class=\"gb-image gb-image-fd18a380 round-corners shadow\" src=\"https:\/\/testinstallation.andthedolphine.com\/wp-content\/uploads\/2024\/09\/Case-1-NHN-1.jpg\" alt=\"\" title=\"Case-1---NHN---1\" srcset=\"https:\/\/testinstallation.andthedolphine.com\/wp-content\/uploads\/2024\/09\/Case-1-NHN-1.jpg 2500w, https:\/\/testinstallation.andthedolphine.com\/wp-content\/uploads\/2024\/09\/Case-1-NHN-1-300x106.jpg 300w, https:\/\/testinstallation.andthedolphine.com\/wp-content\/uploads\/2024\/09\/Case-1-NHN-1-1024x362.jpg 1024w, https:\/\/testinstallation.andthedolphine.com\/wp-content\/uploads\/2024\/09\/Case-1-NHN-1-768x272.jpg 768w, https:\/\/testinstallation.andthedolphine.com\/wp-content\/uploads\/2024\/09\/Case-1-NHN-1-1536x544.jpg 1536w, https:\/\/testinstallation.andthedolphine.com\/wp-content\/uploads\/2024\/09\/Case-1-NHN-1-2048x725.jpg 2048w\" sizes=\"auto, (max-width: 2500px) 100vw, 2500px\" \/><\/figure>\n\n<\/div>\n<\/div>\n\n<div class=\"gb-container gb-container-4d850d24 gbp-section\" id=\"hospitalnord\">\n<div class=\"gb-container gb-container-29ec278c gbp-section__inner\">\n<div class=\"gb-container gb-container-25c5e202\">\n\n<div class=\"gb-headline gb-headline-dd1421b1 gb-headline-text gbp-section__tagline\">Solceller p\u00e5 tag<\/div>\n\n\n\n<h2 class=\"gb-headline gb-headline-d95ac651 gb-headline-text gbp-section__headline\">Nyt Hospital Nordsj\u00e6lland<\/h2>\n\n\n\n<p class=\"gb-headline gb-headline-7e741460 gb-headline-text gbp-section__headline\">N\u00e5r det nye Nordsj\u00e6lland Hospital \u00e5bner d\u00f8rene for patienter og medarbejdere, bliver det med gr\u00f8n str\u00f8m fra b\u00e5de hoved- og servicebygningen i ryggen.&nbsp;<br><br>P\u00e5 hovedbygningen er der monteret 1336 paneler p\u00e5 det buede aluminiumstag. Montagel\u00f8sningen er udarbejdet i t\u00e6t samarbejde med tagproducenten Kalzip og projektets arkitekt, Herzog &amp; de Meuron. De fandt sammen en l\u00f8sning, der b\u00e5de harmonerer med bygningens rytme og samtidig holder sig fri af brandkamserstatningerne.&nbsp;Resultatet blev et skinnesystem fra tyske Diconal, hvor hver r\u00e6kke paneler er orienteret en smule anderledes end den foreg\u00e5ende, hvilket f\u00e5r anl\u00e6gget til at fremst\u00e5 buet ligesom taget.&nbsp;&nbsp;<br><br>P\u00e5 servicebygningen er der monteret 1071 paneler p\u00e5 h\u00e6ldningstag s\u00e5vel som p\u00e5 fladt tag. Her valgte man at benytte mekanisk fastg\u00f8relse fra danske Fix Nordic i sort. Solcellepaneler er ogs\u00e5 her full black for at tage hensyn til det sorte tagpaptag.<br><br>Anl\u00e6ggene p\u00e5 hoved- og servicebygningen er opf\u00f8rt imens bygningerne har v\u00e6ret under opf\u00f8relse, og der har derfor v\u00e6ret s\u00e6rligt fokus p\u00e5 koordineringen med de tilst\u00f8dende entrepriser for at sikre en optimal arbejdsproces.<br><\/p>\n\n<\/div>\n\n<div class=\"gb-container gb-container-7e439ac0\">\n<div class=\"gb-container gb-container-4c6e7d3f\">\n\n<figure class=\"gb-block-image gb-block-image-66cdc108\"><img loading=\"lazy\" decoding=\"async\" width=\"2500\" height=\"1716\" class=\"gb-image gb-image-66cdc108 round-corners shadow__light\" src=\"https:\/\/testinstallation.andthedolphine.com\/wp-content\/uploads\/2024\/09\/Case-1-NHN-2.jpg\" alt=\"\" title=\"Case-1---NHN---2\" srcset=\"https:\/\/testinstallation.andthedolphine.com\/wp-content\/uploads\/2024\/09\/Case-1-NHN-2.jpg 2500w, https:\/\/testinstallation.andthedolphine.com\/wp-content\/uploads\/2024\/09\/Case-1-NHN-2-300x206.jpg 300w, https:\/\/testinstallation.andthedolphine.com\/wp-content\/uploads\/2024\/09\/Case-1-NHN-2-1024x703.jpg 1024w, https:\/\/testinstallation.andthedolphine.com\/wp-content\/uploads\/2024\/09\/Case-1-NHN-2-768x527.jpg 768w, https:\/\/testinstallation.andthedolphine.com\/wp-content\/uploads\/2024\/09\/Case-1-NHN-2-1536x1054.jpg 1536w, https:\/\/testinstallation.andthedolphine.com\/wp-content\/uploads\/2024\/09\/Case-1-NHN-2-2048x1406.jpg 2048w\" sizes=\"auto, (max-width: 2500px) 100vw, 2500px\" \/><\/figure>\n\n<\/div>\n\n<div class=\"gb-container gb-container-565f152a sticky-sidebar shadow__light\">\n\n<p class=\"gb-headline gb-headline-532c45f9 gb-headline-text\">Type: <strong>Taganl\u00e6g<\/strong><\/p>\n\n\n\n<p class=\"gb-headline gb-headline-00319275 gb-headline-text\">Opf\u00f8rt: <strong>2024<\/strong><\/p>\n\n\n\n<p class=\"gb-headline gb-headline-8ca3f369 gb-headline-text\">Antal paneler: <strong>2.407<\/strong><\/p>\n\n\n\n<p class=\"gb-headline gb-headline-92a33e07 gb-headline-text\">Effekt: <strong>975 kWp<\/strong><\/p>\n\n\n\n<p class=\"gb-headline gb-headline-d09e7af3 gb-headline-text\">Forventet \u00e5rlig produktion: <strong>ca. 850.000 kWh<\/strong><\/p>\n\n\n\n<p class=\"gb-headline gb-headline-6f129557 gb-headline-text\">Kunde: <strong>Wicotec Kirkebjerg<\/strong><\/p>\n\n\n\n<p class=\"gb-headline gb-headline-2249c928 gb-headline-text\">Bygherre: <strong>Region Hovedstaden<\/strong><\/p>\n\n<\/div>\n<\/div>\n<\/div>\n<\/div>\n\n<div class=\"gb-container gb-container-9af0c618 gbp-section\">\n<div class=\"gb-container gb-container-b90fffa8 gbp-section__inner\">\n\n<h2 class=\"gb-headline gb-headline-0cdc1f88 gb-headline-text\">Andre projekter p\u00e5 hospitaler<\/h2>\n\n\n<div class=\"gb-container gb-container-6882d08c\">\n\n<div class=\"gb-grid-wrapper gb-grid-wrapper-0a85843d gb-query-loop-wrapper\"><\/div>\n\n<\/div>\n<\/div>\n<\/div>\n\n\n\n<div class=\"gb-container gb-container-b28a307e\">\n<div class=\"gb-container gb-container-91050061 gbp-section--background gbp-section__inner blockanimation\">\n<div class=\"gb-container gb-container-2151e4d9\">\n\n<h3 class=\"gb-headline gb-headline-bb65d924 gb-headline-text\">Kontakt<\/h3>\n\n\n\n<div class=\"gb-headline gb-headline-b7547ba2 gb-headline-text\">Skriv til en af vores specialister<\/div>\n\n\n<div class=\"gb-container gb-container-708183e8\">\n\n<a class=\"gb-button gb-button-82943f8f gb-button-text gbp-button--primary\" href=\"https:\/\/solarpolaris.hurtigehjemmesider.dk\/booketmode\/\">Skriv til os<\/a>\n\n<\/div>\n<\/div>\n<\/div>\n<\/div>","protected":false},"excerpt":{"rendered":"<p>De her projekter er vi mest stolte af Her finder du vores bedste cases Solar Polaris&nbsp;har sammen med leverand\u00f8rer og partnere bygget solcellel\u00f8sninger til en r\u00e6kke store firmaer, hospitaler og institutioner. Solceller p\u00e5 tag Nyt Hospital Nordsj\u00e6lland N\u00e5r det nye Nordsj\u00e6lland Hospital \u00e5bner d\u00f8rene for patienter og medarbejdere, bliver det med gr\u00f8n str\u00f8m fra b\u00e5de &#8230; <a title=\"Cases\" class=\"read-more\" href=\"https:\/\/testinstallation.andthedolphine.com\/index.php\/cases\/\" aria-label=\"Read more about Cases\">L\u00e6s Mere<\/a><\/p>\n","protected":false},"author":1,"featured_media":0,"parent":0,"menu_order":0,"comment_status":"closed","ping_status":"closed","template":"","meta":{"_acf_changed":false,"footnotes":""},"class_list":["post-60","page","type-page","status-publish"],"acf":[],"_links":{"self":[{"href":"https:\/\/testinstallation.andthedolphine.com\/index.php\/wp-json\/wp\/v2\/pages\/60","targetHints":{"allow":["GET"]}}],"collection":[{"href":"https:\/\/testinstallation.andthedolphine.com\/index.php\/wp-json\/wp\/v2\/pages"}],"about":[{"href":"https:\/\/testinstallation.andthedolphine.com\/index.php\/wp-json\/wp\/v2\/types\/page"}],"author":[{"embeddable":true,"href":"https:\/\/testinstallation.andthedolphine.com\/index.php\/wp-json\/wp\/v2\/users\/1"}],"replies":[{"embeddable":true,"href":"https:\/\/testinstallation.andthedolphine.com\/index.php\/wp-json\/wp\/v2\/comments?post=60"}],"version-history":[{"count":0,"href":"https:\/\/testinstallation.andthedolphine.com\/index.php\/wp-json\/wp\/v2\/pages\/60\/revisions"}],"wp:attachment":[{"href":"https:\/\/testinstallation.andthedolphine.com\/index.php\/wp-json\/wp\/v2\/media?parent=60"}],"curies":[{"name":"wp","href":"https:\/\/api.w.org\/{rel}","templated":true}]}}