{"id":335,"date":"2024-03-12T15:11:15","date_gmt":"2024-03-12T15:11:15","guid":{"rendered":"http:\/\/gbp-kvd-simplicloud.local\/?page_id=196"},"modified":"2024-11-01T10:55:46","modified_gmt":"2024-11-01T10:55:46","slug":"home","status":"publish","type":"page","link":"https:\/\/testinstallation.andthedolphine.com\/","title":{"rendered":"Home"},"content":{"rendered":"<section class=\"gb-container gb-container-97936d6f gbp-section\">\n<div class=\"gb-container gb-container-5c426c81 gbp-section__inner\">\n\n<video loop muted autoplay playsinline poster=\"https:\/\/testinstallation.andthedolphine.com\/wp-content\/uploads\/2024\/09\/Drone-loop.jpg\" class=\"background-video\">\n    <source src=\"https:\/\/testinstallation.andthedolphine.com\/wp-content\/uploads\/2024\/10\/solarpolarisdronefootage.mp4\" type=\"video\/mp4\" width=100%>\n<\/video>\n\n<\/div>\n\n<div class=\"gb-container gb-container-6d584a54\">\n\n<h1 class=\"gb-headline gb-headline-dccd0517 gb-headline-text\">Velkommen til Solar Polaris<\/h1>\n\n\n\n<h2 class=\"gb-headline gb-headline-4803c974 gb-headline-text\">Vores mission er at designe, levere, installere og vedligeholde energil\u00f8sninger, der forbedrer og udvider mulighederne inden for traditionel solcelleteknologi, og derved \u00f8ge effektiviteten og v\u00e6rdien af gr\u00f8n energiproduktion.<\/h2>\n\n\n<div class=\"gb-container gb-container-ef82910e\">\n\n<a class=\"gb-button gb-button-045569ee gb-button-text gbp-button--primary smooth-scroll\" href=\"#loesninger\">Se vores l\u00f8sninger<\/a>\n\n\n\n<a class=\"gb-button gb-button-ad3704c2 gb-button-text gbp-button--primary\" href=\"https:\/\/solarpolaris.hurtigehjemmesider.dk\/booketmode\/\">Kontakt<\/a>\n\n<\/div>\n<\/div>\n\n<div class=\"gb-container gb-container-668e459a\">\n<div class=\"gb-container gb-container-069984f7\">\n\n<div class=\"wp-block-rudr-carousel swiper\" data-swiper=\"{&quot;slidesPerView&quot;:5,&quot;autoplay&quot;:{&quot;delay&quot;:1500},&quot;speed&quot;:300,&quot;spaceBetween&quot;:100,&quot;breakpoints&quot;:{&quot;100&quot;:{&quot;slidesPerView&quot;:2},&quot;768&quot;:{&quot;slidesPerView&quot;:4},&quot;1025&quot;:{&quot;slidesPerView&quot;:5}},&quot;pagination&quot;:false,&quot;navigation&quot;:false,&quot;loop&quot;:true}\"><div class=\"swiper-wrapper\">\n\n<div class=\"wp-block-rudr-slide swiper-slide are-vertically-aligned-center\">\n\n<figure class=\"wp-block-image size-large\"><img loading=\"lazy\" decoding=\"async\" width=\"1024\" height=\"229\" src=\"https:\/\/testinstallation.andthedolphine.com\/wp-content\/uploads\/2024\/04\/Ramboll_Logo.svg_-1024x229.png\" alt=\"\" class=\"wp-image-271\" srcset=\"https:\/\/testinstallation.andthedolphine.com\/wp-content\/uploads\/2024\/04\/Ramboll_Logo.svg_-1024x229.png 1024w, https:\/\/testinstallation.andthedolphine.com\/wp-content\/uploads\/2024\/04\/Ramboll_Logo.svg_-300x67.png 300w, https:\/\/testinstallation.andthedolphine.com\/wp-content\/uploads\/2024\/04\/Ramboll_Logo.svg_-768x172.png 768w, https:\/\/testinstallation.andthedolphine.com\/wp-content\/uploads\/2024\/04\/Ramboll_Logo.svg_.png 1200w\" sizes=\"auto, (max-width: 1024px) 100vw, 1024px\" \/><\/figure>\n\n<\/div>\n\n\n<div class=\"wp-block-rudr-slide swiper-slide are-vertically-aligned-center\">\n\n<figure class=\"wp-block-image size-large\"><img loading=\"lazy\" decoding=\"async\" width=\"1024\" height=\"88\" src=\"https:\/\/testinstallation.andthedolphine.com\/wp-content\/uploads\/2024\/10\/Kemp_og_lauritzen_logo_POS_RGB-1024x88.png\" alt=\"\" class=\"wp-image-2010\" srcset=\"https:\/\/testinstallation.andthedolphine.com\/wp-content\/uploads\/2024\/10\/Kemp_og_lauritzen_logo_POS_RGB-1024x88.png 1024w, https:\/\/testinstallation.andthedolphine.com\/wp-content\/uploads\/2024\/10\/Kemp_og_lauritzen_logo_POS_RGB-300x26.png 300w, https:\/\/testinstallation.andthedolphine.com\/wp-content\/uploads\/2024\/10\/Kemp_og_lauritzen_logo_POS_RGB-768x66.png 768w, https:\/\/testinstallation.andthedolphine.com\/wp-content\/uploads\/2024\/10\/Kemp_og_lauritzen_logo_POS_RGB-1536x133.png 1536w, https:\/\/testinstallation.andthedolphine.com\/wp-content\/uploads\/2024\/10\/Kemp_og_lauritzen_logo_POS_RGB.png 1598w\" sizes=\"auto, (max-width: 1024px) 100vw, 1024px\" \/><\/figure>\n\n<\/div>\n\n\n<div class=\"wp-block-rudr-slide swiper-slide are-vertically-aligned-center\">\n\n<figure class=\"wp-block-image size-full\"><img loading=\"lazy\" decoding=\"async\" width=\"790\" height=\"180\" src=\"https:\/\/testinstallation.andthedolphine.com\/wp-content\/uploads\/2024\/04\/Nordea_logo16.png\" alt=\"\" class=\"wp-image-264\" srcset=\"https:\/\/testinstallation.andthedolphine.com\/wp-content\/uploads\/2024\/04\/Nordea_logo16.png 790w, https:\/\/testinstallation.andthedolphine.com\/wp-content\/uploads\/2024\/04\/Nordea_logo16-300x68.png 300w, https:\/\/testinstallation.andthedolphine.com\/wp-content\/uploads\/2024\/04\/Nordea_logo16-768x175.png 768w\" sizes=\"auto, (max-width: 790px) 100vw, 790px\" \/><\/figure>\n\n<\/div>\n\n\n<div class=\"wp-block-rudr-slide swiper-slide are-vertically-aligned-center\">\n\n<figure class=\"wp-block-image size-full\"><img loading=\"lazy\" decoding=\"async\" width=\"327\" height=\"87\" src=\"https:\/\/testinstallation.andthedolphine.com\/wp-content\/uploads\/2024\/10\/wicotec-kirkebjerg.svg\" alt=\"\" class=\"wp-image-2007\"\/><\/figure>\n\n<\/div>\n\n\n<div class=\"wp-block-rudr-slide swiper-slide are-vertically-aligned-center\">\n\n<figure class=\"wp-block-image size-full\"><img loading=\"lazy\" decoding=\"async\" width=\"476\" height=\"249\" src=\"https:\/\/testinstallation.andthedolphine.com\/wp-content\/uploads\/2024\/04\/logo_large.png\" alt=\"\" class=\"wp-image-263\" srcset=\"https:\/\/testinstallation.andthedolphine.com\/wp-content\/uploads\/2024\/04\/logo_large.png 476w, https:\/\/testinstallation.andthedolphine.com\/wp-content\/uploads\/2024\/04\/logo_large-300x157.png 300w\" sizes=\"auto, (max-width: 476px) 100vw, 476px\" \/><\/figure>\n\n<\/div>\n\n\n<div class=\"wp-block-rudr-slide swiper-slide are-vertically-aligned-center\">\n\n<figure class=\"wp-block-image size-large\"><img loading=\"lazy\" decoding=\"async\" width=\"1024\" height=\"293\" src=\"https:\/\/testinstallation.andthedolphine.com\/wp-content\/uploads\/2024\/04\/Logo_Rigshospitalet_png-1024x293.png\" alt=\"\" class=\"wp-image-262\" srcset=\"https:\/\/testinstallation.andthedolphine.com\/wp-content\/uploads\/2024\/04\/Logo_Rigshospitalet_png-1024x293.png 1024w, https:\/\/testinstallation.andthedolphine.com\/wp-content\/uploads\/2024\/04\/Logo_Rigshospitalet_png-300x86.png 300w, https:\/\/testinstallation.andthedolphine.com\/wp-content\/uploads\/2024\/04\/Logo_Rigshospitalet_png-768x220.png 768w, https:\/\/testinstallation.andthedolphine.com\/wp-content\/uploads\/2024\/04\/Logo_Rigshospitalet_png-1536x440.png 1536w, https:\/\/testinstallation.andthedolphine.com\/wp-content\/uploads\/2024\/04\/Logo_Rigshospitalet_png-2048x586.png 2048w\" sizes=\"auto, (max-width: 1024px) 100vw, 1024px\" \/><\/figure>\n\n<\/div>\n\n\n<div class=\"wp-block-rudr-slide swiper-slide are-vertically-aligned-center\">\n\n<figure class=\"wp-block-image size-large\"><img loading=\"lazy\" decoding=\"async\" width=\"1024\" height=\"260\" src=\"https:\/\/testinstallation.andthedolphine.com\/wp-content\/uploads\/2024\/10\/Ea7_logo_PNG1-1024x260.png\" alt=\"\" class=\"wp-image-2008\" srcset=\"https:\/\/testinstallation.andthedolphine.com\/wp-content\/uploads\/2024\/10\/Ea7_logo_PNG1-1024x260.png 1024w, https:\/\/testinstallation.andthedolphine.com\/wp-content\/uploads\/2024\/10\/Ea7_logo_PNG1-300x76.png 300w, https:\/\/testinstallation.andthedolphine.com\/wp-content\/uploads\/2024\/10\/Ea7_logo_PNG1-768x195.png 768w, https:\/\/testinstallation.andthedolphine.com\/wp-content\/uploads\/2024\/10\/Ea7_logo_PNG1-1536x390.png 1536w, https:\/\/testinstallation.andthedolphine.com\/wp-content\/uploads\/2024\/10\/Ea7_logo_PNG1-2048x521.png 2048w\" sizes=\"auto, (max-width: 1024px) 100vw, 1024px\" \/><\/figure>\n\n<\/div>\n\n\n<div class=\"wp-block-rudr-slide swiper-slide are-vertically-aligned-center\">\n\n<figure class=\"wp-block-image size-full is-style-default\"><img loading=\"lazy\" decoding=\"async\" width=\"150\" height=\"46\" src=\"https:\/\/testinstallation.andthedolphine.com\/wp-content\/uploads\/2024\/08\/download.png\" alt=\"\" class=\"wp-image-610\"\/><\/figure>\n\n<\/div>\n\n\n<div class=\"wp-block-rudr-slide swiper-slide are-vertically-aligned-center\">\n<div class=\"wp-block-image is-style-default\">\n<figure class=\"aligncenter size-large is-resized\"><img loading=\"lazy\" decoding=\"async\" width=\"228\" height=\"33\" src=\"https:\/\/testinstallation.andthedolphine.com\/wp-content\/uploads\/2024\/08\/Naviair.svg\" alt=\"\" class=\"wp-image-611\" style=\"width:138px;height:auto\"\/><\/figure>\n<\/div>\n<\/div>\n\n\n<div class=\"wp-block-rudr-slide swiper-slide are-vertically-aligned-center\">\n<div class=\"wp-block-image\">\n<figure class=\"aligncenter size-large\"><img loading=\"lazy\" decoding=\"async\" width=\"340\" height=\"85\" src=\"https:\/\/testinstallation.andthedolphine.com\/wp-content\/uploads\/2024\/08\/vd_logo_0_0.svg\" alt=\"\" class=\"wp-image-623\"\/><\/figure>\n<\/div>\n<\/div>\n\n\n<div class=\"wp-block-rudr-slide swiper-slide are-vertically-aligned-center\">\n<div class=\"wp-block-image\">\n<figure class=\"aligncenter size-large is-resized\"><img loading=\"lazy\" decoding=\"async\" width=\"702\" height=\"1024\" src=\"https:\/\/testinstallation.andthedolphine.com\/wp-content\/uploads\/2024\/08\/Corp_Red_RGB-702x1024.png\" alt=\"\" class=\"wp-image-626\" style=\"width:auto;height:100px\" srcset=\"https:\/\/testinstallation.andthedolphine.com\/wp-content\/uploads\/2024\/08\/Corp_Red_RGB-702x1024.png 702w, https:\/\/testinstallation.andthedolphine.com\/wp-content\/uploads\/2024\/08\/Corp_Red_RGB-206x300.png 206w, https:\/\/testinstallation.andthedolphine.com\/wp-content\/uploads\/2024\/08\/Corp_Red_RGB-768x1120.png 768w, https:\/\/testinstallation.andthedolphine.com\/wp-content\/uploads\/2024\/08\/Corp_Red_RGB-1053x1536.png 1053w, https:\/\/testinstallation.andthedolphine.com\/wp-content\/uploads\/2024\/08\/Corp_Red_RGB-1404x2048.png 1404w, https:\/\/testinstallation.andthedolphine.com\/wp-content\/uploads\/2024\/08\/Corp_Red_RGB.png 1951w\" sizes=\"auto, (max-width: 702px) 100vw, 702px\" \/><\/figure>\n<\/div>\n<\/div>\n\n<\/div><\/div>\n\n<\/div>\n<\/div>\n<\/section>\n\n<section class=\"gb-container gb-container-b7a3c60a smooth-scroll gbp-section\" id=\"loesninger\">\n<div class=\"gb-container gb-container-493664a2\">\n<div class=\"gb-grid-wrapper gb-grid-wrapper-7c36159e\">\n<div class=\"gb-grid-column gb-grid-column-f7afaaf9\"><div class=\"gb-container gb-container-f7afaaf9 gbp-card blockanimation\">\n<div class=\"gb-container gb-container-f6ab9017\">\n\n<h1 class=\"gb-headline gb-headline-271d8b79 gb-headline-text gbp-section__headline\">L\u00f8sninger<\/h1>\n\n\n\n<div class=\"gb-headline gb-headline-eb92a85c gb-headline-text gbp-section__text\">Skr\u00e6ddersyede solcellel\u00f8sninger tilpasset enhver virksomheds behov.<\/div>\n\n<\/div>\n<\/div><\/div>\n\n<div class=\"gb-grid-column gb-grid-column-049e4082\"><div class=\"gb-container gb-container-049e4082 gbp-card blockanimation\">\n\n<h3 class=\"gb-headline gb-headline-52083396 gb-headline-text gbp-section__headline\">O&amp;M<\/h3>\n\n\n\n<div class=\"gb-headline gb-headline-8ae0d6b9 gb-headline-text gbp-section__text\">Maksimer dit anl\u00e6gs produktion med vores omfattende drift og vedligeholdelse.<\/div>\n\n\n<div class=\"gb-container gb-container-bababeb1\">\n\n<a class=\"gb-button gb-button-c738f789 gb-button-text gbp-button--primary\" href=\"https:\/\/solarpolaris.hurtigehjemmesider.dk\/drift-vedligeholdelse-om\/\">Se l\u00f8sninger<\/a>\n\n<\/div>\n<\/div><\/div>\n\n<div class=\"gb-grid-column gb-grid-column-6a89f83b\"><div class=\"gb-container gb-container-6a89f83b gbp-card blockanimation\">\n\n<h3 class=\"gb-headline gb-headline-caa92302 gb-headline-text gbp-section__headline\">Tag<\/h3>\n\n\n\n<div class=\"gb-headline gb-headline-ffe2b22b gb-headline-text gbp-section__text\">Effektive tagbaserede solcelleanl\u00e6g, der optimerer din bygnings energiforbrug.<\/div>\n\n\n<div class=\"gb-container gb-container-162ebfc7\">\n\n<a class=\"gb-button gb-button-424c3fdb gb-button-text gbp-button--primary\" href=\"https:\/\/solarpolaris.hurtigehjemmesider.dk\/taganlaeg\/\">Se tagl\u00f8sninger<\/a>\n\n<\/div>\n<\/div><\/div>\n\n<div class=\"gb-grid-column gb-grid-column-06b6e55e\"><div class=\"gb-container gb-container-06b6e55e gbp-card blockanimation\">\n\n<h3 class=\"gb-headline gb-headline-bb9f86b1 gb-headline-text gbp-section__headline\">Mark<\/h3>\n\n\n\n<div class=\"gb-headline gb-headline-021234bd gb-headline-text gbp-section__text\">Store markanl\u00e6g bygget p\u00e5 dansk ekspertise for maksimal energiproduktion.<\/div>\n\n\n<div class=\"gb-container gb-container-b90435ce\">\n\n<a class=\"gb-button gb-button-62c8d1e0 gb-button-text gbp-button--primary\" href=\"https:\/\/solarpolaris.hurtigehjemmesider.dk\/markanlaeg\/\">Se markl\u00f8sninger<\/a>\n\n<\/div>\n<\/div><\/div>\n\n<div class=\"gb-grid-column gb-grid-column-c3578b74\"><div class=\"gb-container gb-container-c3578b74 gbp-card blockanimation\">\n\n<h3 class=\"gb-headline gb-headline-6e62c6b9 gb-headline-text gbp-section__headline\">Carport<\/h3>\n\n\n\n<div class=\"gb-headline gb-headline-f54ee209 gb-headline-text gbp-section__text\">Innovative solcelleoverd\u00e6kninger, der omdanner parkeringspladsen til gr\u00f8n energi<\/div>\n\n\n<div class=\"gb-container gb-container-8ab3a7d1\">\n\n<a class=\"gb-button gb-button-c367e729 gb-button-text gbp-button--primary\" href=\"https:\/\/solarpolaris.hurtigehjemmesider.dk\/taganlaeg\/\">Se carportl\u00f8sninger<\/a>\n\n<\/div>\n<\/div><\/div>\n<\/div>\n<\/div>\n<\/section>\n\n<section class=\"gb-container gb-container-0f6b2072 gbp-section\">\n<div class=\"gb-container gb-container-072c5dcc gbp-section__inner\">\n<div class=\"gb-container gb-container-b35def47\">\n\n<h2 class=\"gb-headline gb-headline-5f8dc5e5 gb-headline-text gbp-section__headline\"><br>5 simple skridt til din gr\u00f8nne omstilling<\/h2>\n\n\n\n<div class=\"gb-headline gb-headline-e4cc5ef4 gb-headline-text gbp-section__text\">Vi leverer en lang r\u00e6kke forskellige l\u00f8sninger til dig<\/div>\n\n<\/div>\n\n<div class=\"gb-container gb-container-c6d144e1 gb-tabs\" role=\"tablist\" data-opened-tab=\"1\">\n<div class=\"gb-container gb-container-80396c38 gb-tabs__buttons\" role=\"list\">\n<div class=\"gb-container gb-container-30db719f tabhover gb-tabs__button gb-block-is-current\" id=\"gb-tab-button-30db719f\" role=\"button\" tabindex=\"0\">\n\n<p class=\"gb-headline gb-headline-9ae0a072 gb-headline-text\">F\u00f8rste skridt<\/p>\n\n\n\n<p class=\"gb-headline gb-headline-127bfc62 gb-headline-text\"><br>Potentiale og Beregning<\/p>\n\n<\/div>\n\n<div class=\"gb-container gb-container-8971d4bf tabhover gb-tabs__button\" id=\"gb-tab-button-8971d4bf\" role=\"button\" tabindex=\"0\">\n\n<p class=\"gb-headline gb-headline-1b73f2e5 gb-headline-text\">Andet skridt<\/p>\n\n\n\n<p class=\"gb-headline gb-headline-34c08149 gb-headline-text\"><br>Detailprojektering<\/p>\n\n<\/div>\n\n<div class=\"gb-container gb-container-c9359d26 tabhover gb-tabs__button\" id=\"gb-tab-button-c9359d26\" role=\"button\" tabindex=\"0\">\n\n<p class=\"gb-headline gb-headline-429406f1 gb-headline-text\">Tredje skridt<\/p>\n\n\n\n<p class=\"gb-headline gb-headline-fe08746d gb-headline-text\"><br>Byg<\/p>\n\n<\/div>\n\n<div class=\"gb-container gb-container-34381e47 tabhover gb-tabs__button\" id=\"gb-tab-button-34381e47\" role=\"button\" tabindex=\"0\">\n\n<p class=\"gb-headline gb-headline-f789508f gb-headline-text\">Fjerde skridt<\/p>\n\n\n\n<p class=\"gb-headline gb-headline-f1a0b527 gb-headline-text\"><br>Tilslutning<\/p>\n\n<\/div>\n\n<div class=\"gb-container gb-container-b45d7012 tabhover gb-tabs__button\" id=\"gb-tab-button-b45d7012\" role=\"button\" tabindex=\"0\">\n\n<p class=\"gb-headline gb-headline-a44d3478 gb-headline-text\">Femte skridt<\/p>\n\n\n\n<p class=\"gb-headline gb-headline-2a2f7dec gb-headline-text\"><br>Drift<\/p>\n\n<\/div>\n<\/div>\n\n<div class=\"gb-container gb-container-8148bf1b gb-tabs__items\" role=\"tabpanel\">\n<div class=\"gb-container gb-container-ad13c565 gb-tabs__item gb-tabs__item-open\" id=\"gb-tab-item-ad13c565\">\n\n<p class=\"gb-headline gb-headline-fed90f61 gb-headline-text\">Ved I allerede hvad jeres behov er, eller skal vi tage et kig p\u00e5 det for jer? <br><br>Vi putter dine data i vores simuleringsprogrammer og finder ud af, hvilket anl\u00e6g der passer bedst til dit behov.<\/p>\n\n\n\n<figure class=\"gb-block-image gb-block-image-e2e7b451\"><img loading=\"lazy\" decoding=\"async\" width=\"931\" height=\"632\" class=\"gb-image gb-image-e2e7b451 shadow\" src=\"https:\/\/testinstallation.andthedolphine.com\/wp-content\/uploads\/2024\/10\/Forbrugsgraf.jpg\" alt=\"\" title=\"Forbrugsgraf\" srcset=\"https:\/\/testinstallation.andthedolphine.com\/wp-content\/uploads\/2024\/10\/Forbrugsgraf.jpg 931w, https:\/\/testinstallation.andthedolphine.com\/wp-content\/uploads\/2024\/10\/Forbrugsgraf-300x204.jpg 300w, https:\/\/testinstallation.andthedolphine.com\/wp-content\/uploads\/2024\/10\/Forbrugsgraf-768x521.jpg 768w\" sizes=\"auto, (max-width: 931px) 100vw, 931px\" \/><\/figure>\n\n<\/div>\n\n<div class=\"gb-container gb-container-53ea4f10 gb-tabs__item\" id=\"gb-tab-item-53ea4f10\">\n\n<p class=\"gb-headline gb-headline-5b77f889 gb-headline-text\">I samarbejde laver vi detailprojekteringen p\u00e5 dit anl\u00e6g, forhandler kontrakter og s\u00f8ger tilladelser.<\/p>\n\n\n\n<figure class=\"wp-block-video\"><video height=\"1080\" style=\"aspect-ratio: 1920 \/ 1080;\" width=\"1920\" autoplay loop muted poster=\"https:\/\/testinstallation.andthedolphine.com\/wp-content\/uploads\/2024\/10\/Detailprojektering-mov-image.jpg\" src=\"https:\/\/testinstallation.andthedolphine.com\/wp-content\/uploads\/2024\/10\/Detailprojektering.mov\" playsinline><\/video><\/figure>\n\n<\/div>\n\n<div class=\"gb-container gb-container-866e4c96 gb-tabs__item\" id=\"gb-tab-item-866e4c96\">\n\n<figure class=\"gb-block-image gb-block-image-8a252c9c\"><img loading=\"lazy\" decoding=\"async\" width=\"1536\" height=\"2048\" class=\"gb-image gb-image-8a252c9c round-corners shadow wide\" src=\"https:\/\/testinstallation.andthedolphine.com\/wp-content\/uploads\/2024\/04\/Y9A9366.jpg\" alt=\"\" title=\"_Y9A9366\" srcset=\"https:\/\/testinstallation.andthedolphine.com\/wp-content\/uploads\/2024\/04\/Y9A9366.jpg 1536w, https:\/\/testinstallation.andthedolphine.com\/wp-content\/uploads\/2024\/04\/Y9A9366-225x300.jpg 225w, https:\/\/testinstallation.andthedolphine.com\/wp-content\/uploads\/2024\/04\/Y9A9366-768x1024.jpg 768w, https:\/\/testinstallation.andthedolphine.com\/wp-content\/uploads\/2024\/04\/Y9A9366-1152x1536.jpg 1152w\" sizes=\"auto, (max-width: 1536px) 100vw, 1536px\" \/><\/figure>\n\n<\/div>\n\n<div class=\"gb-container gb-container-2d1a086c gb-tabs__item\" id=\"gb-tab-item-2d1a086c\">\n\n<figure class=\"gb-block-image gb-block-image-b400e849\"><img loading=\"lazy\" decoding=\"async\" width=\"900\" height=\"600\" class=\"gb-image gb-image-b400e849 round-corners shadow wide\" src=\"https:\/\/testinstallation.andthedolphine.com\/wp-content\/uploads\/2024\/04\/Naturkraft-900x600-1.webp\" alt=\"\" title=\"Naturkraft-900x600-1\" srcset=\"https:\/\/testinstallation.andthedolphine.com\/wp-content\/uploads\/2024\/04\/Naturkraft-900x600-1.webp 900w, https:\/\/testinstallation.andthedolphine.com\/wp-content\/uploads\/2024\/04\/Naturkraft-900x600-1-300x200.webp 300w, https:\/\/testinstallation.andthedolphine.com\/wp-content\/uploads\/2024\/04\/Naturkraft-900x600-1-768x512.webp 768w\" sizes=\"auto, (max-width: 900px) 100vw, 900px\" \/><\/figure>\n\n<\/div>\n\n<div class=\"gb-container gb-container-be4a5bbe gb-tabs__item\" id=\"gb-tab-item-be4a5bbe\">\n\n<p class=\"gb-headline gb-headline-6bf0136b gb-headline-text\">Vi idrifts\u00e6tter dit anl\u00e6g og sammen kan vi overv\u00e5ge produktionen<\/p>\n\n\n\n<figure class=\"wp-block-video\"><video height=\"434\" style=\"aspect-ratio: 944 \/ 434;\" width=\"944\" autoplay loop muted src=\"https:\/\/testinstallation.andthedolphine.com\/wp-content\/uploads\/2024\/10\/Solar-Polaris-Wide-v2.mp4\" playsinline><\/video><\/figure>\n\n<\/div>\n<\/div>\n<\/div>\n<\/div>\n<\/section>\n\n<div class=\"gb-container gb-container-41e28a28 gbp-section\">\n<div class=\"gb-container gb-container-ab57fae2 gbp-section__inner\">\n<div class=\"gb-container gb-container-b950a0ed gbp-section--background gbp-section__inner blockanimation\">\n<div class=\"gb-container gb-container-9c0ab5ed\">\n\n<h3 class=\"gb-headline gb-headline-d27e670f gb-headline-text\">B\u00e6redygtighed<\/h3>\n\n\n\n<div class=\"gb-headline gb-headline-d6f82281 gb-headline-text\">Vi installerer solceller, hvor det er fornuftigt b\u00e5de \u00f8konomisk, milj\u00f8m\u00e6ssigt og socio\u00f8konomisk.<\/div>\n\n\n<div class=\"gb-container gb-container-6d0e1994\">\n\n<a class=\"gb-button gb-button-cbdc1a6a gb-button-text gbp-button--primary\" href=\"https:\/\/solarpolaris.hurtigehjemmesider.dk\/baeredygtighed\/\">L\u00c6S mere<\/a>\n\n<\/div>\n<\/div>\n<\/div>\n<\/div>\n<\/div>","protected":false},"excerpt":{"rendered":"<p>Velkommen til Solar Polaris Vores mission er at designe, levere, installere og vedligeholde energil\u00f8sninger, der forbedrer og udvider mulighederne inden for traditionel solcelleteknologi, og derved \u00f8ge effektiviteten og v\u00e6rdien af gr\u00f8n energiproduktion. 5 simple skridt til din gr\u00f8nne omstilling Vi leverer en lang r\u00e6kke forskellige l\u00f8sninger til dig F\u00f8rste skridt Potentiale og Beregning Andet skridt &#8230; <a title=\"Home\" class=\"read-more\" href=\"https:\/\/testinstallation.andthedolphine.com\/\" aria-label=\"Read more about Home\">L\u00e6s Mere<\/a><\/p>\n","protected":false},"author":1,"featured_media":0,"parent":0,"menu_order":0,"comment_status":"closed","ping_status":"closed","template":"","meta":{"_acf_changed":false,"footnotes":""},"class_list":["post-335","page","type-page","status-publish"],"acf":[],"_links":{"self":[{"href":"https:\/\/testinstallation.andthedolphine.com\/index.php\/wp-json\/wp\/v2\/pages\/335","targetHints":{"allow":["GET"]}}],"collection":[{"href":"https:\/\/testinstallation.andthedolphine.com\/index.php\/wp-json\/wp\/v2\/pages"}],"about":[{"href":"https:\/\/testinstallation.andthedolphine.com\/index.php\/wp-json\/wp\/v2\/types\/page"}],"author":[{"embeddable":true,"href":"https:\/\/testinstallation.andthedolphine.com\/index.php\/wp-json\/wp\/v2\/users\/1"}],"replies":[{"embeddable":true,"href":"https:\/\/testinstallation.andthedolphine.com\/index.php\/wp-json\/wp\/v2\/comments?post=335"}],"version-history":[{"count":1,"href":"https:\/\/testinstallation.andthedolphine.com\/index.php\/wp-json\/wp\/v2\/pages\/335\/revisions"}],"predecessor-version":[{"id":2487,"href":"https:\/\/testinstallation.andthedolphine.com\/index.php\/wp-json\/wp\/v2\/pages\/335\/revisions\/2487"}],"wp:attachment":[{"href":"https:\/\/testinstallation.andthedolphine.com\/index.php\/wp-json\/wp\/v2\/media?parent=335"}],"curies":[{"name":"wp","href":"https:\/\/api.w.org\/{rel}","templated":true}]}}